{"id":13,"date":"2025-03-10T10:52:40","date_gmt":"2025-03-10T10:52:40","guid":{"rendered":"https:\/\/awesome-johnson.178-32-139-129.plesk.page\/?page_id=13"},"modified":"2025-03-10T11:01:01","modified_gmt":"2025-03-10T11:01:01","slug":"hmobile-ble-key-veloce-e-sicura","status":"publish","type":"page","link":"https:\/\/awesome-johnson.178-32-139-129.plesk.page\/","title":{"rendered":"HMobile BLE Key veloce e sicura."},"content":{"rendered":"\n<p>Il sistema di apertura per cancelli, sbarre, portoni pedonali e scorrevoli \u00e8 la soluzione ideale per chi desidera integrare facilmente il proprio sistema gi\u00e0 esistente.<br>Inoltre, grazie al generatore illimitato di codici di accesso temporali, \u00e8 possibile assegnare accessi personalizzati ai visitatori o ai dipendenti, che scadono automaticamente.<br>Questo garantisce un maggiore controllo sugli accessi e un&#8217;ulteriore sicurezza ed un notevole <strong>risparmio sul costo di telecomandi e batterie.<\/strong><br>Con il nostro sistema, avrai la tranquillit\u00e0 di sapere che la tua propriet\u00e0 \u00e8 protetta da un sistema di sicurezza moderno e facile da gestire. Non esitare a contattarci per maggiori informazioni e scopri come il nostro sistema pu\u00f2 garantire la massima sicurezza per te e la tua propriet\u00e0.<\/p>\n\n\n\n<figure class=\"wp-block-image aligncenter size-full\"><img loading=\"lazy\" decoding=\"async\" width=\"556\" height=\"397\" src=\"https:\/\/awesome-johnson.178-32-139-129.plesk.page\/wp-content\/uploads\/2025\/03\/homesito.png\" alt=\"\" class=\"wp-image-9\" srcset=\"https:\/\/awesome-johnson.178-32-139-129.plesk.page\/wp-content\/uploads\/2025\/03\/homesito.png 556w, https:\/\/awesome-johnson.178-32-139-129.plesk.page\/wp-content\/uploads\/2025\/03\/homesito-300x214.png 300w\" sizes=\"auto, (max-width: 556px) 100vw, 556px\" \/><\/figure>\n","protected":false},"excerpt":{"rendered":"<p>Il sistema di apertura per cancelli, sbarre, portoni pedonali e scorrevoli \u00e8 la soluzione ideale per chi desidera integrare facilmente il proprio sistema gi\u00e0 esistente.Inoltre, grazie al generatore illimitato di codici di accesso temporali, \u00e8 possibile assegnare accessi personalizzati ai visitatori o ai dipendenti, che scadono automaticamente.Questo garantisce un maggiore controllo sugli accessi e un&#8217;ulteriore [&hellip;]<\/p>\n","protected":false},"author":1,"featured_media":0,"parent":0,"menu_order":0,"comment_status":"closed","ping_status":"closed","template":"","meta":{"footnotes":""},"class_list":["post-13","page","type-page","status-publish","hentry"],"_links":{"self":[{"href":"https:\/\/awesome-johnson.178-32-139-129.plesk.page\/index.php?rest_route=\/wp\/v2\/pages\/13","targetHints":{"allow":["GET"]}}],"collection":[{"href":"https:\/\/awesome-johnson.178-32-139-129.plesk.page\/index.php?rest_route=\/wp\/v2\/pages"}],"about":[{"href":"https:\/\/awesome-johnson.178-32-139-129.plesk.page\/index.php?rest_route=\/wp\/v2\/types\/page"}],"author":[{"embeddable":true,"href":"https:\/\/awesome-johnson.178-32-139-129.plesk.page\/index.php?rest_route=\/wp\/v2\/users\/1"}],"replies":[{"embeddable":true,"href":"https:\/\/awesome-johnson.178-32-139-129.plesk.page\/index.php?rest_route=%2Fwp%2Fv2%2Fcomments&post=13"}],"version-history":[{"count":2,"href":"https:\/\/awesome-johnson.178-32-139-129.plesk.page\/index.php?rest_route=\/wp\/v2\/pages\/13\/revisions"}],"predecessor-version":[{"id":26,"href":"https:\/\/awesome-johnson.178-32-139-129.plesk.page\/index.php?rest_route=\/wp\/v2\/pages\/13\/revisions\/26"}],"wp:attachment":[{"href":"https:\/\/awesome-johnson.178-32-139-129.plesk.page\/index.php?rest_route=%2Fwp%2Fv2%2Fmedia&parent=13"}],"curies":[{"name":"wp","href":"https:\/\/api.w.org\/{rel}","templated":true}]}}